{"id":757,"date":"2016-11-09T16:08:14","date_gmt":"2016-11-09T16:08:14","guid":{"rendered":"http:\/\/seitz-kaminsysteme.de\/?page_id=757"},"modified":"2017-01-23T15:32:35","modified_gmt":"2017-01-23T15:32:35","slug":"partner","status":"publish","type":"page","link":"https:\/\/seitz-kaminsysteme.de\/?page_id=757","title":{"rendered":"Partner V2"},"content":{"rendered":"<p><div class=\"fusion-fullwidth fullwidth-box fusion-builder-row-1 nonhundred-percent-fullwidth non-hundred-percent-height-scrolling\" style=\"--awb-border-radius-top-left:0px;--awb-border-radius-top-right:0px;--awb-border-radius-bottom-right:0px;--awb-border-radius-bottom-left:0px;--awb-padding-top:20px;--awb-padding-bottom:20px;\" ><div class=\"fusion-builder-row fusion-row\"><div class=\"fusion-layout-column fusion_builder_column fusion-builder-column-0 fusion_builder_column_2_5 2_5 fusion-two-fifth fusion-column-first\" style=\"--awb-bg-size:cover;width:40%;width:calc(40% - ( ( 4% ) * 0.4 ) );margin-right: 4%;\"><div class=\"fusion-column-wrapper fusion-flex-column-wrapper-legacy\"><div class=\"fusion-text fusion-text-1\"><h2>Zusammenarbeit ist alles!<\/h2>\n<\/div><div class=\"fusion-sep-clear\"><\/div><div class=\"fusion-separator fusion-full-width-sep\" style=\"margin-left: auto;margin-right: auto;margin-bottom:40px;width:100%;\"><div class=\"fusion-separator-border sep-single sep-solid\" style=\"--awb-height:20px;--awb-amount:20px;--awb-sep-color:#dbd9d9;border-color:#dbd9d9;border-top-width:6px;\"><\/div><\/div><div class=\"fusion-sep-clear\"><\/div><div class=\"fusion-clearfix\"><\/div><\/div><\/div><\/div><\/div><div class=\"fusion-fullwidth fullwidth-box fusion-builder-row-2 nonhundred-percent-fullwidth non-hundred-percent-height-scrolling\" style=\"--awb-border-radius-top-left:0px;--awb-border-radius-top-right:0px;--awb-border-radius-bottom-right:0px;--awb-border-radius-bottom-left:0px;--awb-padding-top:20px;--awb-padding-bottom:20px;\" ><div class=\"fusion-builder-row fusion-row\"><div class=\"fusion-layout-column fusion_builder_column fusion-builder-column-1 fusion_builder_column_1_2 1_2 fusion-one-half fusion-column-first\" style=\"--awb-bg-size:cover;width:50%;width:calc(50% - ( ( 4% ) * 0.5 ) );margin-right: 4%;\"><div class=\"fusion-column-wrapper fusion-flex-column-wrapper-legacy\"><div class=\"fusion-person person fusion-person-left fusion-person-1 fusion-person-icon-top\" style=\"--awb-pic-style-color:#000000;--awb-pic-borderradius:0px;--awb-margin-top:0px;--awb-margin-right:0px;--awb-margin-bottom:0px;--awb-margin-left:0px;--awb-social-box-border-top:0px;--awb-social-box-border-right:0px;--awb-social-box-border-bottom:0px;--awb-social-box-border-left:0px;--awb-social-box-border-color:var(--awb-color3);--awb-social-box-colors-hover:rgba(232,232,232,0.8);--awb-social-box-border-color-hover:var(--awb-color4);--awb-social-icon-colors-hover:rgba(190,189,189,0.8);\"><div class=\"person-shortcode-image-wrapper\"><div class=\"person-image-container hover-type-none\" style=\"border:0px solid #f6f6f6;-webkit-border-radius:0px;-moz-border-radius:0px;border-radius:0px;\"><a href=\"http:\/\/jeremias.de\/\" target=\"_blank\"><img decoding=\"async\" class=\"person-img img-responsive\" src=\"http:\/\/seitz-kaminsysteme.de\/wp-content\/uploads\/2016\/11\/jeremias_schornsteinsysteme_preislisten_rabatte_logo.jpg\" \/><\/a><\/div><\/div><\/div><div class=\"fusion-clearfix\"><\/div><\/div><\/div><div class=\"fusion-layout-column fusion_builder_column fusion-builder-column-2 fusion_builder_column_2_5 2_5 fusion-two-fifth fusion-column-last\" style=\"--awb-bg-size:cover;width:40%;width:calc(40% - ( ( 4% ) * 0.4 ) );\"><div class=\"fusion-column-wrapper fusion-flex-column-wrapper-legacy\"><div class=\"fusion-text fusion-text-2\"><h3>Jeremias\u00a0Abgassysteme<\/h3>\n<\/div><div class=\"fusion-text fusion-text-3\"><p>Jeremias aus Wassertr\u00fcdingen (Bayern) geh\u00f6rt zu den weltweit f\u00fchrenden Herstellern von Abgas- und Schornsteinsystemen f\u00fcr private, gewerbliche oder industrielle Anwendungen. Jeremias steht f\u00fcr Innovation und Qualit\u00e4t.<\/p>\n<\/div><div class=\"fusion-clearfix\"><\/div><\/div><\/div><div class=\"fusion-layout-column fusion_builder_column fusion-builder-column-3 fusion_builder_column_1_2 1_2 fusion-one-half fusion-column-first\" style=\"--awb-bg-size:cover;width:50%;width:calc(50% - ( ( 4% ) * 0.5 ) );margin-right: 4%;\"><div class=\"fusion-column-wrapper fusion-flex-column-wrapper-legacy\"><div class=\"fusion-person person fusion-person-left fusion-person-2 fusion-person-icon-top\" style=\"--awb-pic-style-color:#000000;--awb-pic-borderradius:0px;--awb-margin-top:0px;--awb-margin-right:0px;--awb-margin-bottom:0px;--awb-margin-left:0px;--awb-social-box-border-top:0px;--awb-social-box-border-right:0px;--awb-social-box-border-bottom:0px;--awb-social-box-border-left:0px;--awb-social-box-border-color:var(--awb-color3);--awb-social-box-colors-hover:rgba(232,232,232,0.8);--awb-social-box-border-color-hover:var(--awb-color4);--awb-social-icon-colors-hover:rgba(190,189,189,0.8);\"><div class=\"person-shortcode-image-wrapper\"><div class=\"person-image-container hover-type-none\" style=\"border:0px solid #f6f6f6;-webkit-border-radius:0px;-moz-border-radius:0px;border-radius:0px;\"><img decoding=\"async\" class=\"person-img img-responsive\" src=\"http:\/\/seitz-kaminsysteme.de\/wp-content\/uploads\/2016\/11\/Logo_Kral-e1480063199616.png\" \/><\/div><\/div><\/div><div class=\"fusion-clearfix\"><\/div><\/div><\/div><div class=\"fusion-layout-column fusion_builder_column fusion-builder-column-4 fusion_builder_column_2_5 2_5 fusion-two-fifth fusion-column-last\" style=\"--awb-bg-size:cover;width:40%;width:calc(40% - ( ( 4% ) * 0.4 ) );\"><div class=\"fusion-column-wrapper fusion-flex-column-wrapper-legacy\"><div class=\"fusion-text fusion-text-4\"><h3>Metallbau Kral<\/h3>\n<\/div><div class=\"fusion-text fusion-text-5\"><p>Unsere Firmenadresse ist Sommersdorf 13 91595 Burgoberbach<br \/>Wir sind im Raum Burgoberbach und Umgebung f\u00fcr Sie t\u00e4tig.<br \/> Unser Leistungsspektrum umfasst:<\/p>\n<p>&#8211; Metallbauarbeiten<br \/> &#8211; Gel\u00e4nder, Treppen, \u00dcberdachungen<br \/> &#8211; Stahlbearbeitung &amp; Blechbearbeitung<br \/> &#8211; Metallkonstruktionen &amp; Stahlbaukonstruktionen<br \/> &#8211; Vord\u00e4cher<br \/> &#8211; Schwei\u00dfarbeiten<\/p>\n<\/div><div class=\"fusion-clearfix\"><\/div><\/div><\/div><div class=\"fusion-layout-column fusion_builder_column fusion-builder-column-5 fusion_builder_column_1_2 1_2 fusion-one-half fusion-column-first\" style=\"--awb-bg-size:cover;width:50%;width:calc(50% - ( ( 4% ) * 0.5 ) );margin-right: 4%;\"><div class=\"fusion-column-wrapper fusion-flex-column-wrapper-legacy\"><div class=\"fusion-person person fusion-person-left fusion-person-3 fusion-person-icon-top\" style=\"--awb-pic-style-color:#000000;--awb-pic-borderradius:0px;--awb-margin-top:0px;--awb-margin-right:0px;--awb-margin-bottom:0px;--awb-margin-left:0px;--awb-social-box-border-top:0px;--awb-social-box-border-right:0px;--awb-social-box-border-bottom:0px;--awb-social-box-border-left:0px;--awb-social-box-border-color:var(--awb-color3);--awb-social-box-colors-hover:rgba(232,232,232,0.8);--awb-social-box-border-color-hover:var(--awb-color4);--awb-social-icon-colors-hover:rgba(190,189,189,0.8);\"><div class=\"person-shortcode-image-wrapper\"><div class=\"person-image-container hover-type-none\" style=\"border:0px solid #f6f6f6;-webkit-border-radius:0px;-moz-border-radius:0px;border-radius:0px;\"><a href=\"http:\/\/www.kaminofen-heitzmann.de\" target=\"_blank\"><img decoding=\"async\" class=\"person-img img-responsive\" src=\"http:\/\/seitz-kaminsysteme.de\/wp-content\/uploads\/2016\/11\/finndennnn.jpeg\" \/><\/a><\/div><\/div><\/div><div class=\"fusion-clearfix\"><\/div><\/div><\/div><div class=\"fusion-layout-column fusion_builder_column fusion-builder-column-6 fusion_builder_column_2_5 2_5 fusion-two-fifth fusion-column-last\" style=\"--awb-bg-size:cover;width:40%;width:calc(40% - ( ( 4% ) * 0.4 ) );\"><div class=\"fusion-column-wrapper fusion-flex-column-wrapper-legacy\"><div class=\"fusion-text fusion-text-6\"><h3>Kamin\u00f6fen Heitzmann<\/h3>\n<\/div><div class=\"fusion-text fusion-text-7\"><p>Ihrem Fachgesch\u00e4ft f\u00fcr Kamin- und Pellet\u00f6fen. <br \/>\u00a0Eckartsh\u00e4user Str. 39\/1<br \/>74532 Ilshofe<\/p>\n<div>Seit 1992 ist die Firma Kaminofen Heitzmann Ihr kompetenter Ansprechpartner in Sachen Kamin\u00f6fen, Herde, Au\u00dfenkamine, Pellet\u00f6fen und Reparaturen.<\/div>\n<div>Wir beraten Sie gerne in unseren Ausstellungsr\u00e4umen in Ilshofen. Die Beratung erstreckt sich von der Brenntechnik, der Bedienung des Ofens bis hin zum Design.<\/div>\n<div>Schauen Sie sich auf unserer Homepage um, montieren Sie am PC Ihren Wunschofen selber in Ihr Wohnzimmer und entdecken Sie Ihren Ofen f\u00fcr gem\u00fctliche Stunden in Ihrem Zuhause.<\/div>\n<\/div><div class=\"fusion-clearfix\"><\/div><\/div><\/div><\/div><\/div><\/p>\n","protected":false},"excerpt":{"rendered":"","protected":false},"author":1,"featured_media":0,"parent":0,"menu_order":0,"comment_status":"closed","ping_status":"closed","template":"","meta":{"_themeisle_gutenberg_block_has_review":false},"_links":{"self":[{"href":"https:\/\/seitz-kaminsysteme.de\/index.php?rest_route=\/wp\/v2\/pages\/757"}],"collection":[{"href":"https:\/\/seitz-kaminsysteme.de\/index.php?rest_route=\/wp\/v2\/pages"}],"about":[{"href":"https:\/\/seitz-kaminsysteme.de\/index.php?rest_route=\/wp\/v2\/types\/page"}],"author":[{"embeddable":true,"href":"https:\/\/seitz-kaminsysteme.de\/index.php?rest_route=\/wp\/v2\/users\/1"}],"replies":[{"embeddable":true,"href":"https:\/\/seitz-kaminsysteme.de\/index.php?rest_route=%2Fwp%2Fv2%2Fcomments&post=757"}],"version-history":[{"count":28,"href":"https:\/\/seitz-kaminsysteme.de\/index.php?rest_route=\/wp\/v2\/pages\/757\/revisions"}],"predecessor-version":[{"id":987,"href":"https:\/\/seitz-kaminsysteme.de\/index.php?rest_route=\/wp\/v2\/pages\/757\/revisions\/987"}],"wp:attachment":[{"href":"https:\/\/seitz-kaminsysteme.de\/index.php?rest_route=%2Fwp%2Fv2%2Fmedia&parent=757"}],"curies":[{"name":"wp","href":"https:\/\/api.w.org\/{rel}","templated":true}]}}

<p><div class="fusion-fullwidth fullwidth-box fusion-builder-row-1 nonhundred-percent-fullwidth non-hundred-percent-height-scrolling" style="--awb-border-radius-top-left:0px;--awb-border-radius-top-right:0px;--awb-border-radius-bottom-right:0px;--awb-border-radius-bottom-left:0px;--awb-padding-top:20px;--awb-padding-bottom:20px;" ><div class="fusion-builder-row fusion-row"><div class="fusion-layout-column fusion_builder_column fusion-builder-column-0 fusion_builder_column_2_5 2_5 fusion-two-fifth fusion-column-first" style="--awb-bg-size:cover;width:40%;width:calc(40% - ( ( 4% ) * 0.4 ) );margin-right: 4%;"><div class="fusion-column-wrapper fusion-flex-column-wrapper-legacy"><div class="fusion-text fusion-text-1"><h2>Zusammenarbeit ist alles!</h2>
</div><div class="fusion-sep-clear"></div><div class="fusion-separator fusion-full-width-sep" style="margin-left: auto;margin-right: auto;margin-bottom:40px;width:100%;"><div class="fusion-separator-border sep-single sep-solid" style="--awb-height:20px;--awb-amount:20px;--awb-sep-color:#dbd9d9;border-color:#dbd9d9;border-top-width:6px;"></div></div><div class="fusion-sep-clear"></div><div class="fusion-clearfix"></div></div></div></div></div><div class="fusion-fullwidth fullwidth-box fusion-builder-row-2 nonhundred-percent-fullwidth non-hundred-percent-height-scrolling" style="--awb-border-radius-top-left:0px;--awb-border-radius-top-right:0px;--awb-border-radius-bottom-right:0px;--awb-border-radius-bottom-left:0px;--awb-padding-top:20px;--awb-padding-bottom:20px;" ><div class="fusion-builder-row fusion-row"><div class="fusion-layout-column fusion_builder_column fusion-builder-column-1 fusion_builder_column_1_2 1_2 fusion-one-half fusion-column-first" style="--awb-bg-size:cover;width:50%;width:calc(50% - ( ( 4% ) * 0.5 ) );margin-right: 4%;"><div class="fusion-column-wrapper fusion-flex-column-wrapper-legacy"><div class="fusion-person person fusion-person-left fusion-person-1 fusion-person-icon-top" style="--awb-pic-style-color:#000000;--awb-pic-borderradius:0px;--awb-margin-top:0px;--awb-margin-right:0px;--awb-margin-bottom:0px;--awb-margin-left:0px;--awb-social-box-border-top:0px;--awb-social-box-border-right:0px;--awb-social-box-border-bottom:0px;--awb-social-box-border-left:0px;--awb-social-box-border-color:var(--awb-color3);--awb-social-box-colors-hover:rgba(232,232,232,0.8);--awb-social-box-border-color-hover:var(--awb-color4);--awb-social-icon-colors-hover:rgba(190,189,189,0.8);"><div class="person-shortcode-image-wrapper"><div class="person-image-container hover-type-none" style="border:0px solid #f6f6f6;-webkit-border-radius:0px;-moz-border-radius:0px;border-radius:0px;"><a href="http://jeremias.de/" target="_blank"><img decoding="async" class="person-img img-responsive" src="http://seitz-kaminsysteme.de/wp-content/uploads/2016/11/jeremias_schornsteinsysteme_preislisten_rabatte_logo.jpg" /></a></div></div></div><div class="fusion-clearfix"></div></div></div><div class="fusion-layout-column fusion_builder_column fusion-builder-column-2 fusion_builder_column_2_5 2_5 fusion-two-fifth fusion-column-last" style="--awb-bg-size:cover;width:40%;width:calc(40% - ( ( 4% ) * 0.4 ) );"><div class="fusion-column-wrapper fusion-flex-column-wrapper-legacy"><div class="fusion-text fusion-text-2"><h3>Jeremias Abgassysteme</h3>
</div><div class="fusion-text fusion-text-3"><p>Jeremias aus Wassertrüdingen (Bayern) gehört zu den weltweit führenden Herstellern von Abgas- und Schornsteinsystemen für private, gewerbliche oder industrielle Anwendungen. Jeremias steht für Innovation und Qualität.</p>
</div><div class="fusion-clearfix"></div></div></div><div class="fusion-layout-column fusion_builder_column fusion-builder-column-3 fusion_builder_column_1_2 1_2 fusion-one-half fusion-column-first" style="--awb-bg-size:cover;width:50%;width:calc(50% - ( ( 4% ) * 0.5 ) );margin-right: 4%;"><div class="fusion-column-wrapper fusion-flex-column-wrapper-legacy"><div class="fusion-person person fusion-person-left fusion-person-2 fusion-person-icon-top" style="--awb-pic-style-color:#000000;--awb-pic-borderradius:0px;--awb-margin-top:0px;--awb-margin-right:0px;--awb-margin-bottom:0px;--awb-margin-left:0px;--awb-social-box-border-top:0px;--awb-social-box-border-right:0px;--awb-social-box-border-bottom:0px;--awb-social-box-border-left:0px;--awb-social-box-border-color:var(--awb-color3);--awb-social-box-colors-hover:rgba(232,232,232,0.8);--awb-social-box-border-color-hover:var(--awb-color4);--awb-social-icon-colors-hover:rgba(190,189,189,0.8);"><div class="person-shortcode-image-wrapper"><div class="person-image-container hover-type-none" style="border:0px solid #f6f6f6;-webkit-border-radius:0px;-moz-border-radius:0px;border-radius:0px;"><img decoding="async" class="person-img img-responsive" src="http://seitz-kaminsysteme.de/wp-content/uploads/2016/11/Logo_Kral-e1480063199616.png" /></div></div></div><div class="fusion-clearfix"></div></div></div><div class="fusion-layout-column fusion_builder_column fusion-builder-column-4 fusion_builder_column_2_5 2_5 fusion-two-fifth fusion-column-last" style="--awb-bg-size:cover;width:40%;width:calc(40% - ( ( 4% ) * 0.4 ) );"><div class="fusion-column-wrapper fusion-flex-column-wrapper-legacy"><div class="fusion-text fusion-text-4"><h3>Metallbau Kral</h3>
</div><div class="fusion-text fusion-text-5"><p>Unsere Firmenadresse ist Sommersdorf 13 91595 Burgoberbach<br />Wir sind im Raum Burgoberbach und Umgebung für Sie tätig.<br /> Unser Leistungsspektrum umfasst:</p>
<p>&#8211; Metallbauarbeiten<br /> &#8211; Geländer, Treppen, Überdachungen<br /> &#8211; Stahlbearbeitung &amp; Blechbearbeitung<br /> &#8211; Metallkonstruktionen &amp; Stahlbaukonstruktionen<br /> &#8211; Vordächer<br /> &#8211; Schweißarbeiten</p>
</div><div class="fusion-clearfix"></div></div></div><div class="fusion-layout-column fusion_builder_column fusion-builder-column-5 fusion_builder_column_1_2 1_2 fusion-one-half fusion-column-first" style="--awb-bg-size:cover;width:50%;width:calc(50% - ( ( 4% ) * 0.5 ) );margin-right: 4%;"><div class="fusion-column-wrapper fusion-flex-column-wrapper-legacy"><div class="fusion-person person fusion-person-left fusion-person-3 fusion-person-icon-top" style="--awb-pic-style-color:#000000;--awb-pic-borderradius:0px;--awb-margin-top:0px;--awb-margin-right:0px;--awb-margin-bottom:0px;--awb-margin-left:0px;--awb-social-box-border-top:0px;--awb-social-box-border-right:0px;--awb-social-box-border-bottom:0px;--awb-social-box-border-left:0px;--awb-social-box-border-color:var(--awb-color3);--awb-social-box-colors-hover:rgba(232,232,232,0.8);--awb-social-box-border-color-hover:var(--awb-color4);--awb-social-icon-colors-hover:rgba(190,189,189,0.8);"><div class="person-shortcode-image-wrapper"><div class="person-image-container hover-type-none" style="border:0px solid #f6f6f6;-webkit-border-radius:0px;-moz-border-radius:0px;border-radius:0px;"><a href="http://www.kaminofen-heitzmann.de" target="_blank"><img decoding="async" class="person-img img-responsive" src="http://seitz-kaminsysteme.de/wp-content/uploads/2016/11/finndennnn.jpeg" /></a></div></div></div><div class="fusion-clearfix"></div></div></div><div class="fusion-layout-column fusion_builder_column fusion-builder-column-6 fusion_builder_column_2_5 2_5 fusion-two-fifth fusion-column-last" style="--awb-bg-size:cover;width:40%;width:calc(40% - ( ( 4% ) * 0.4 ) );"><div class="fusion-column-wrapper fusion-flex-column-wrapper-legacy"><div class="fusion-text fusion-text-6"><h3>Kaminöfen Heitzmann</h3>
</div><div class="fusion-text fusion-text-7"><p>Ihrem Fachgeschäft für Kamin- und Pelletöfen. <br /> Eckartshäuser Str. 39/1<br />74532 Ilshofe</p>
<div>Seit 1992 ist die Firma Kaminofen Heitzmann Ihr kompetenter Ansprechpartner in Sachen Kaminöfen, Herde, Außenkamine, Pelletöfen und Reparaturen.</div>
<div>Wir beraten Sie gerne in unseren Ausstellungsräumen in Ilshofen. Die Beratung erstreckt sich von der Brenntechnik, der Bedienung des Ofens bis hin zum Design.</div>
<div>Schauen Sie sich auf unserer Homepage um, montieren Sie am PC Ihren Wunschofen selber in Ihr Wohnzimmer und entdecken Sie Ihren Ofen für gemütliche Stunden in Ihrem Zuhause.</div>
</div><div class="fusion-clearfix"></div></div></div></div></div></p>
